{"id":80,"date":"2012-06-19T19:04:25","date_gmt":"2012-06-19T19:04:25","guid":{"rendered":"http:\/\/www.fflangenholzen.de\/de\/?page_id=80"},"modified":"2022-07-24T11:00:58","modified_gmt":"2022-07-24T10:00:58","slug":"aktive-gruppe","status":"publish","type":"page","link":"https:\/\/www.feuerwehr-langenholzen.de\/?page_id=80","title":{"rendered":"Aktive Gruppe"},"content":{"rendered":"<p><!--?php\nrequire_once( ABSPATH . 'wp-config.php' );\n$verbindung = mysql_connect(DB_HOST, DB_USER, DB_PASSWORD);\nmysql_select_db(DB_NAME, $verbindung);\n$sql = \"select * from ffl_aktive where active = 1 order by name, vorname\";\n$ergebnis = mysql_query($sql, $verbindung);?--><\/p>\n<p>Die Aktive Gruppe unserer Feuerwehr besteht zur Zeit aus <!--?php echo mysql_num_rows($ergebnis); ?--> Mitgliedern.<\/p>\n<p>F\u00fcr den Dienstbetrieb ist der Gruppenf\u00fchrer zust\u00e4ndig. Der Gruppenf\u00fchrer wird durch seinen Stellvertreter unterst\u00fctzt.<\/p>\n<p>Die Aktive Gruppe trifft sich aktuell immer am 1. und 3. Freitag im Monat um 20 Uhr.<\/p>\n<p>Gerne k\u00f6nnen Neugierige auf einem Dienstabend am Feuerwehrhaus (Am K\u00fchlberg 1) vorbeischauen.<\/p>\n<p>Unsere Aktive Gruppe (Foto: Stand 2013)<br \/>\n<img decoding=\"async\" src=\"\/images\/mitglieder\/aktive_gruppe_2013.jpg\"><\/p>\n<p><strong>Hier nun alle Kameraden im \u00dcberblick:<\/strong><\/p>\n<p><!--?php\nif ( $ergebnis)  {\nwhile ($zeile = mysql_fetch_array($ergebnis))\n\t{\n\t?--><\/p>\n<div class=\"ngg-album\">\n\t\t<!--div class=\"ngg-albumtitle\"><?php echo $zeile['name'];?><\/div-->\n<div class=\"ngg-albumcontent\">\n<div class=\"ngg-thumbnail\">\n\t\t\t\t\t<img decoding=\"async\" src=\"\/images\/mitglieder\/<?php echo $zeile['bild'];?>&#8220; alt=&#8220;&#8220;><\/div>\n<div class=\"ngg-description\">\n<p><strong>Name:<\/strong> <!--?php echo $zeile['name'] . \", \" . $zeile['vorname'];?--><br \/>\n<strong>Dienstgrad:<\/strong> <!--?php echo $zeile['dienstgrad'];?--><\/p>\n<p><strong><\/strong> <!--?php echo $zeile['stellung'];\nif ($zeile['kommando'] !== \"0\" ) {echo \"<br \/-->Mitglied im Kommando&#8220;;} ?&gt;<\/p>\n<\/div>\n<\/div>\n<\/div>\n<p><!--?php\n}\nmysql_free_result($ergebnis);\n} else { echo \"test\";\n} ?--><\/p>\n<div class=\"sharedaddy sd-sharing-enabled\"><div class=\"robots-nocontent sd-block sd-social sd-social-icon-text sd-sharing\"><h3 class=\"sd-title\">Teilen mit:<\/h3><div class=\"sd-content\"><ul><li class=\"share-facebook\"><a rel=\"nofollow noopener noreferrer\" data-shared=\"sharing-facebook-80\" class=\"share-facebook sd-button share-icon\" href=\"https:\/\/www.feuerwehr-langenholzen.de\/?page_id=80&amp;share=facebook\" target=\"_blank\" title=\"Klick, um auf Facebook zu teilen\" ><span>Facebook<\/span><\/a><\/li><li class=\"share-end\"><\/li><\/ul><\/div><\/div><\/div>","protected":false},"excerpt":{"rendered":"<p>Die Aktive Gruppe unserer Feuerwehr besteht zur Zeit aus Mitgliedern. F\u00fcr den Dienstbetrieb ist der Gruppenf\u00fchrer zust\u00e4ndig. Der Gruppenf\u00fchrer wird durch seinen Stellvertreter unterst\u00fctzt. Die Aktive Gruppe trifft sich aktuell immer am 1. und 3. Freitag im Monat um 20 Uhr. Gerne k\u00f6nnen Neugierige auf einem Dienstabend am Feuerwehrhaus (Am K\u00fchlberg 1) vorbeischauen. Unsere Aktive [&hellip;]<\/p>\n<div class=\"sharedaddy sd-sharing-enabled\"><div class=\"robots-nocontent sd-block sd-social sd-social-icon-text sd-sharing\"><h3 class=\"sd-title\">Teilen mit:<\/h3><div class=\"sd-content\"><ul><li class=\"share-facebook\"><a rel=\"nofollow noopener noreferrer\" data-shared=\"sharing-facebook-80\" class=\"share-facebook sd-button share-icon\" href=\"https:\/\/www.feuerwehr-langenholzen.de\/?page_id=80&amp;share=facebook\" target=\"_blank\" title=\"Klick, um auf Facebook zu teilen\" ><span>Facebook<\/span><\/a><\/li><li class=\"share-end\"><\/li><\/ul><\/div><\/div><\/div>","protected":false},"author":1,"featured_media":0,"parent":0,"menu_order":2,"comment_status":"closed","ping_status":"closed","template":"","meta":{"ngg_post_thumbnail":0},"jetpack_sharing_enabled":true,"jetpack_shortlink":"https:\/\/wp.me\/P8kEhs-1i","_links":{"self":[{"href":"https:\/\/www.feuerwehr-langenholzen.de\/index.php?rest_route=\/wp\/v2\/pages\/80"}],"collection":[{"href":"https:\/\/www.feuerwehr-langenholzen.de\/index.php?rest_route=\/wp\/v2\/pages"}],"about":[{"href":"https:\/\/www.feuerwehr-langenholzen.de\/index.php?rest_route=\/wp\/v2\/types\/page"}],"author":[{"embeddable":true,"href":"https:\/\/www.feuerwehr-langenholzen.de\/index.php?rest_route=\/wp\/v2\/users\/1"}],"replies":[{"embeddable":true,"href":"https:\/\/www.feuerwehr-langenholzen.de\/index.php?rest_route=%2Fwp%2Fv2%2Fcomments&post=80"}],"version-history":[{"count":213,"href":"https:\/\/www.feuerwehr-langenholzen.de\/index.php?rest_route=\/wp\/v2\/pages\/80\/revisions"}],"predecessor-version":[{"id":1107,"href":"https:\/\/www.feuerwehr-langenholzen.de\/index.php?rest_route=\/wp\/v2\/pages\/80\/revisions\/1107"}],"wp:attachment":[{"href":"https:\/\/www.feuerwehr-langenholzen.de\/index.php?rest_route=%2Fwp%2Fv2%2Fmedia&parent=80"}],"curies":[{"name":"wp","href":"https:\/\/api.w.org\/{rel}","templated":true}]}}